. Determine h(k).
-27
Let m(b) = -5*b**3 - 5*b**2 - 9*b - 10. Let r(v) = v**3 + v**2 + 2*v. Let n be 64/40 + (-3)/5. Let y(g) = n*m(g) + 4*r(g). What is y(0)?
-10
Suppose -170 = -2*d - 3*o, 4*o + 131 = 5*d - 317. Let p(z) = 184 - 94 + 2*z - d. Calculate p(2).
6
Let a = -9818 - -9814. Let k(m) = -6*m - 59. Determine k(a).
-35
Let v(l) be the second derivative of -l**5/20 - 13*l**4/12 - 2*l**3 - 9*l**2/2 + 2622*l. Give v(-12).
-9
Suppose -s + 0*s + 2 = -a, 3*s - 5*a - 8 = 0. Let h(m) = 1 - m - 1 + 4 + s. Suppose 13*n = 7 - 98. Calculate h(n).
12
Let j be (2 + 5/(-2))*-24. Let x be (j/36)/(1/15). Let n(k) = 16 + k**3 - 4*k - 43 + 2*k**2 + 17 + 12 - 6*k**2. Give n(x).
7
Let f(p) = -647*p + 85. Let l(t) = -1131*t + 171. Let h(n) = -7*f(n) + 4*l(n). Calculate h(-20).
-11
Let k(s) = 23*s**2 - 8*s + 10*s + 6 + 20*s**2 + s**3 - 45*s**2. Give k(3).
21
Let d(n) = 8*n**2 - 2*n**3 + n**2 + 19*n**2 - n - 25*n**2 + 4. Give d(0).
4
Let q(v) = 5*v + 661 - 671 + v - 24*v. Give q(3).
-64
Let a(l) = -l**3 - 11*l**2 + 3*l + 36. Let m be a(-11). Let k(y) = 79*y + 87*y - m - 167*y. What is k(7)?
-10
Let a(r) = -7*r**2 - r + 2. Let u = 567 - 331. Suppose -2*d - u = -232. Determine a(d).
-24
Suppose -66 - 24 - 6 = 48*t. Let v(i) = 40*i + 82. Calculate v(t).
2
Suppose 5*b = 2*i - 66 + 157, 0 = -4*b + 3*i + 70. Let a(l) = 0*l - 38*l**2 - 11*l**3 + 8*l**3 + b*l**2 + l - 1 + 18*l**2. What is a(2)?
-27
Let p(x) = x**3 + 5*x**2 + 2*x + 6. Suppose -n + 34 = 3*n - z, 17 = 3*n - 5*z. Suppose 57 = 8*l + n. Suppose f - l = -11. Calculate p(f).
-4
Suppose -2*k - 4*j = -10, 237 = -5*k + 3*j + 197. Let n(f) = -f - 9. Let b(o) = 2. Let v(c) = 4*b(c) + n(c). Calculate v(k).
4
Let b = -200 + 204. Let f(x) = -7*x + x + b + 5 - 13. Determine f(6).
-40
Let a(s) = -s + 21. Let f = -12457 - -12484. Calculate a(f).
-6
Let f(v) = -3*v + 1176*v**2 + 6 - 1167*v**2 + 4*v - 7*v. Determine f(1).
9
Let g(o) = 12*o + 5. Suppose 20 = -4*t + 4*h, 16 + 57 = -5*t - 3*h. Calculate g(t).
-127
Suppose -388*i - 224 = -356*i. Let m(j) = -j**2 - 3*j - 23. What is m(i)?
-51
Let x(v) = 135*v + 152*v - 575*v + 139*v + 130*v - 20 - 2*v**2. Give x(-13).
-111
Let a be (-13)/((4 + -7 + 4)/(-1)). Let q(b) = -156*b**2 - 3*b + 157*b**2 - a + 0*b - 3*b. Give q(7).
-6
Let x(t) = t**2 + 2*t + 1. Let c be x(-1). Let z(m) = -23*m**2 + 54*m + 10. Let s(g) = -81*g**2 + 189*g + 31. Let p(j) = -2*s(j) + 7*z(j). Calculate p(c).
8
Suppose -1 = 48*v - 1. Suppose -f + b - 3 = v, 10 = -2*f - b + 13. Let w(j) = -j**3 + j**2 + 20. Calculate w(f).
20
Let p be (-1)/3*4 - 1045/627. Let q(g) = 11*g + 20. What is q(p)?
-13
Let p = -262 + 276. Let n be ((-3)/3)/(p/42). Let q(f) = 2*f**3 + 4*f**2 + 2. Determine q(n).
-16
Let i(g) be the third derivative of -g**4/24 - 11*g**3/2 + 2*g**2 + 136. Determine i(-19).
-14
Suppose -3*u = 32*u + 210. Suppose -v + 2*m = -2, -2*v = 3*v + 5*m - 10. Let r(f) = -f**v - 5*f + 2 + 4 - f + 0. What is r(u)?
6
Suppose -4*m - 5*s = 89, 11 = 2*m - s + 52. Let a = 13 + m. Let p(g) be the second derivative of -g**3/6 - 5*g**2 - 4904*g. Determine p(a).
-2
Let k(t) = -2*t - 1. Let z(d) = 99*d - 390*d + 90*d + 98*d + 98*d. Let q(s) = -2*k(s) + z(s). Calculate q(9).
-7
Let l(v) be the third derivative of v**6/720 + v**5/120 - 221*v**4/24 + 86*v**2. Let k(r) be the second derivative of l(r). Determine k(5).
6
Let w(o) = -o + 16. Let z(c) = -3*c + 47. Let d(t) = 8*w(t) - 3*z(t). Let b(m) = -5280*m - 21100. Let g be b(-4). Calculate d(g).
7
Let l(u) be the second derivative of u**6/144 - u**5/20 - 151*u**4/12 - 255*u. Let h(v) be the third derivative of l(v). Determine h(5).
19
Let x(a) = -a**3 + 9*a**2 - 9*a + 19. Suppose 106*q - 9*q = 776. Give x(q).
11
Let c(h) = -2*h + 18. Let q(i) = i**2 + 2*i - 19. Let t be q(4). Suppose -t*x + 2 + 63 = 0. Determine c(x).
-8
Let h(f) = -2*f + 2. Suppose 15*z - 414 + 399 = 0. Suppose -m + 225 = -6*m. Let d be 1 + z - m/9. What is h(d)?
-12
Let x be (1 + 0)*(-4)/4. Let s(r) be the second derivative of 0*r**2 - 5/12*r**4 + 4*r + 0 + 0*r**3. Give s(x).
-5
Suppose 0 = -17*q + 340 - 102. Let c(f) = -q*f + 5*f + 42 + f**3 - 5*f**2 - 15 - 22 + 0*f**3. What is c(6)?
-13
Suppose 2*i = 5*i + 9. Let m be (-2)/i*(60/8)/5. Suppose n = -m + 7. Let z(r) = r**3 - 6*r**2 - r - 1. Give z(n).
-7
Suppose 0 = 10*v - 5*v - 3*o - 130, v - 4 = 5*o. Let c(m) = m + 28 - m**3 + 27*m**3 - v + m**2. Determine c(1).
27
Let u(v) = -v**3 + 9*v**2 + 45*v - 1. Let d(o) = -o**3 + 10*o**2 + 55*o - 3. Let k(m) = 3*d(m) - 4*u(m). Calculate k(8).
3
Let z(j) be the second derivative of -j**4/3 - j**3/3 - 3*j**2/2 - 2729*j. Calculate z(-2).
-15
Let t(g) = 19*g**2 + 170*g - 8. Let i be t(-9). Let n(k) = 7*k**2 - 5*k + 2. Determine n(i).
4
Let g(l) be the third derivative of -5*l**4/12 + l**3/3 - 532*l**2. Calculate g(-3).
32
Let r(m) = -4*m**2 - 13*m**2 - 52039 + 52038 + m. What is r(2)?
-67
Let k = 3175 + -3173. Let n(d) = -4*d**2 + d + 3. What is n(k)?
-11
Suppose 3*o = -5*l + 48, -194*l - 3*o + 30 = -192*l. Let k(h) = 12*h - 69. Give k(l).
3
Let j be (-2 + 1 - -2)/(1 - 0). Let d(b) = -b**2 - 12*b + 1. Let i(a) = 2*a - 2. Let w(r) = j*d(r) + 4*i(r). Determine w(-6).
-19
Let u = 5908 + -5910. Let x(h) be the third derivative of -h**4/24 - 2*h**3/3 - 2*h**2. Determine x(u).
-2
Suppose 0 = d - 2*a - 11, 4*d + 6*a - 57 = a. Let s = 14 - d. Let r(f) = -s + 2 - 2 - 3*f**3. Calculate r(1).
-4
Suppose 0*k + 12 = -k. Let d(l) = -36*l + 135. Let c(x) = 98*x - 370. Let s(t) = -11*c(t) - 30*d(t). Determine s(k).
-4
Let y(z) = -29*z - 18. Suppose -4*w = 4*a + 44, 4*w + 12 - 8 = a. Determine y(w).
69
Let q(h) = 4*h + 83. Let r(v) = v**3 - 38*v**2 - 56*v + 633. Let o be r(39). Determine q(o).
-37
Suppose 0 = 46*n - 44*n + 16. Let g be 1/(3 + -2) + n. Let u(p) = -4*p - 6 - 4 + 3 + p**2 + 10*p. Determine u(g).
0
Let m(r) = 3*r**3 + 17*r**2 + 5*r - 5. Let z(f) = -f**3 - 6*f**2 - 2*f + 2. Let d(w) = -3*m(w) - 8*z(w). Calculate d(-4).
11
Suppose -4 = 17*k - 19*k. Let c(m) = -110*m**3 - m + 0*m**k + 98*m**3 + 2*m**2. Let g = 12 + -11. Determine c(g).
-11
Let a(w) = w**2 - 13*w + 30. Let x = -5780 + 5783. Calculate a(x).
0
Let o(s) = s**3 + 3*s**2 - 13*s + 28. Suppose 16 + 13 = -4*z + 5. Determine o(z).
-2
Let x(i) = 1 - 8 + i + 4. Let c = -48194 - -48198. What is x(c)?
1
Let o be 21/(-7)*2/6. Let j = 28 + -24. Let p be (-4 + j)/o + -4. Let c(s) = -2*s - 6. Calculate c(p).
2
Let z(s) = -s**2 - 15*s - 39. Let g be (-15)/((-585)/(-30) + -18). Give z(g).
11
Let h(j) = 0*j**3 + 2*j**3 + 6 + 3 - 2*j**2 - j**3 - 3*j - 6. Give h(2).
-3
Let q(v) be the first derivative of -v**3/6 - v**2 + 5*v + 7. Let g(o) be the first derivative of q(o). Let c be 4 + 9/(-2) + (-150)/60. Determine g(c).
1
Let t(r) = -31*r**2 - 37*r + 145. Let g(y) = 7*y**2 + 9*y - 36. Let x(d) = -9*g(d) - 2*t(d). Determine x(-10).
4
Let s(r) = -r**3 + 3*r**2 + 2*r - 19. Let x(i) = -2*i**3 + 9*i. Let d(p) = s(p) - x(p). Give d(-4).
-7
Let t(m) = 9*m - 16. Let c = 47 - 50. Let v be t(c). Let s = v + 39. Let l(h) = h**2 - 5. Calculate l(s).
11
Suppose -4*g + 14 = -3*v + 37, -5 = g. Let o(j) = 179*j - j**2 + 0*j**2 - 182*j - v. Let h(n) = -n**2 - 5*n + 4. Let q be h(-6). Calculate o(q).
1
Let w(l) = -9*l + 1. Let h be (-2)/(-4)*(26 + -8). Let g be ((-2)/4 + h/10)*5. Calculate w(g).
-17
Let s(j) = 4 + 9 + 9*j**2 - j**3 - 2. Let n = -1494 + 1503. Give s(n).
11
Let u = -91 + 94. Let j(t) = -5 - 1 + 4 + 6 - u*t. Give j(6).
-14
Suppose -y + 27 = 15*r - 16*r, -4*y + 5*r = -106. Let q(c) = -4*c**2 + 33*c + 1 + y*c - 59*c + c**2 - 4. Calculate q(1).
-3
Let u(q) = -q**3 + 3 + 5*q**2 - 8*q + 2*q**3 - 8. Let r(j) = -j**2 - 32*j + 93. Let w be r(-34). Let g be (6/(-8))/(w/200). Give u(g).
7
Let u be (528/80 + -7)/((-156)/80 + 2). Let z(o) = -o**3 - 4*o**2 - 4*o - 2. Let b be z(-3). Let g(i) = 4 + 11*i - b + i**2 - 2*i. Determine g(u).
-5
Suppose 22 = 4*o + 6. Suppose -o + 2 = -q. Let x(i) = 7*i**3 - i**q + 2*i**2 + 10 - 5 - 6*i**3. Calculate x(0).
5
Let a(s) = -3*s + 6. Let n(f) = -f - 8. Let c be n(-8). Let y be ((-1)/4)/((-5)/40) - c. Let v be -1 - 0 - (y - 7). Give a(v).
-6
Let i(l) = -l**3 + 14*l**2 - 17*l - 23. Let d be i(11). Let v = d - 161. Let q(w) = -3*w - 7. What is q(v)?
17
Let o(h) = h**3 - 13*h**2 - 13*h - 4. Let n(m) = m**3 + 9*m**2 + 18*m + 14. Let f be n(-6). What is o(f)?
10
Su